{"id":7082,"date":"2021-04-12T13:48:12","date_gmt":"2021-04-12T18:48:12","guid":{"rendered":"https:\/\/babyevolution.com.co\/beonline\/?post_type=product&#038;p=7082"},"modified":"2024-12-02T08:40:29","modified_gmt":"2024-12-02T13:40:29","slug":"compotas-a-tu-medida","status":"publish","type":"product","link":"https:\/\/babyevolution.com.co\/beonline\/tienda\/compotas-a-tu-medida\/","title":{"rendered":"12 Compotas Org\u00e1nicas &#8211; Elige tus sabores"},"content":{"rendered":"<h2><strong>Contenido: 12 compotas org\u00e1nicas<\/strong><\/h2>\n<ul>\n<li>Compota Fruta\u00a0<strong>Org\u00e1nica<\/strong><\/li>\n<li><strong>S\u00edn azucar<\/strong> a\u00f1adida<\/li>\n<li>S\u00edn colorantes<\/li>\n<li>S\u00edn adici\u00f3n de sal<\/li>\n<li>S\u00edn almid\u00f3n ni harinas<\/li>\n<li>S\u00edn agua a\u00f1adida<\/li>\n<li><strong>S\u00edn conservantes<\/strong>, ni aditivos<\/li>\n<li>Sin gluten<\/li>\n<li><strong>Libre de qu\u00edmicos<\/strong><\/li>\n<\/ul>\n<h4><strong>Compotas y galletas org\u00e1nicas para beb\u00e9s.<\/strong><\/h4>\n<p><strong>\u00a1Solo fruta y verdura! Libre de az\u00facar a\u00f1adido.<\/strong> Baby Evolution es una empresa Colombiana de productos org\u00e1nicos de la mejor calidad para ni\u00f1os. Estamos revolucionando la forma de alimentar a los ni\u00f1os colombianos con alternativas org\u00e1nicas, sin az\u00facar a\u00f1adido y deliciosas. <strong>\u00a1Evolucionamos la compota!<\/strong> Compotas para beb\u00e9s creadas de una combinaci\u00f3n de amor y responsabilidad. Hechas de frutas y verduras org\u00e1nicas. Buscamos las recetas para ni\u00f1os m\u00e1s deliciosas. Sabemos de la importancia de la alimentaci\u00f3n complementaria y nos esforzamos por proveer una alimentaci\u00f3n nutritiva despu\u00e9s de la leche materna. Queremos que tus hijos aprendan desde muy peque\u00f1os a disfrutar el sabor real de las frutas y las verduras, el olor y sus texturas, por eso, creamos productos Org\u00e1nicos.<\/p>\n","protected":false},"excerpt":{"rendered":"<p>Contenido: 12 compotas org\u00e1nicas Compota Fruta\u00a0Org\u00e1nica S\u00edn azucar a\u00f1adida S\u00edn colorantes S\u00edn adici\u00f3n de sal S\u00edn almid\u00f3n ni harinas S\u00edn agua a\u00f1adida S\u00edn conservantes, ni aditivos Sin gluten Libre de qu\u00edmicos Compotas y galletas org\u00e1nicas para beb\u00e9s. \u00a1Solo fruta y verdura! Libre de az\u00facar a\u00f1adido. Baby Evolution es una empresa Colombiana de productos org\u00e1nicos de [&hellip;]<\/p>\n","protected":false},"featured_media":13207,"comment_status":"open","ping_status":"closed","template":"","meta":{"_et_pb_use_builder":"off","_et_pb_old_content":"<ul>\r\n \t<li>Compota Fruta\u00a0<strong>Org\u00e1nica<\/strong><\/li>\r\n \t<li><strong>S\u00edn azucar<\/strong> a\u00f1adida<\/li>\r\n \t<li>S\u00edn colorantes<\/li>\r\n \t<li>S\u00edn adici\u00f3n de sal<\/li>\r\n \t<li>S\u00edn almid\u00f3n ni harinas<\/li>\r\n \t<li>S\u00edn agua a\u00f1adida<\/li>\r\n \t<li><strong>S\u00edn conservantes<\/strong>, ni aditivos<\/li>\r\n \t<li>Sin gluten<\/li>\r\n \t<li><strong>Libre de qu\u00edmicos<\/strong><\/li>\r\n<\/ul>\r\n<h4><strong>Compotas y galletas org\u00e1nicas para beb\u00e9s.<\/strong><\/h4>\r\n<strong>\u00a1Solo fruta y verdura! Libre de az\u00facar a\u00f1adido.<\/strong>\r\n\r\nBaby Evolution es una empresa Colombiana de productos org\u00e1nicos de la mejor calidad para ni\u00f1os.\r\n\r\nEstamos revolucionando la forma de alimentar a los ni\u00f1os colombianos con alternativas org\u00e1nicas, sin az\u00facar a\u00f1adido y deliciosas.\r\n\r\n<strong>\u00a1Evolucionamos la compota!<\/strong>\r\n\r\nCompotas para beb\u00e9s creadas de una combinaci\u00f3n de amor y responsabilidad. Hechas de frutas y verduras org\u00e1nicas. Buscamos las recetas para ni\u00f1os m\u00e1s deliciosas. Sabemos de la importancia de la alimentaci\u00f3n complementaria y nos esforzamos por proveer una alimentaci\u00f3n nutritiva despu\u00e9s de la leche materna.\r\n\r\nQueremos que tus hijos aprendan desde muy peque\u00f1os a disfrutar el sabor real de las frutas y las verduras, el olor y sus texturas, por eso, creamos productos Org\u00e1nicos.\r\n\r\n\u00a0","_et_gb_content_width":""},"product_brand":[],"product_cat":[7],"product_tag":[9,8,10],"class_list":{"0":"post-7082","1":"product","2":"type-product","3":"status-publish","4":"has-post-thumbnail","6":"product_cat-compotas","7":"product_tag-compota","8":"product_tag-compotas","9":"product_tag-organica","11":"first","12":"instock","13":"shipping-taxable","14":"purchasable","15":"product-type-woosb"},"_links":{"self":[{"href":"https:\/\/babyevolution.com.co\/beonline\/wp-json\/wp\/v2\/product\/7082","targetHints":{"allow":["GET"]}}],"collection":[{"href":"https:\/\/babyevolution.com.co\/beonline\/wp-json\/wp\/v2\/product"}],"about":[{"href":"https:\/\/babyevolution.com.co\/beonline\/wp-json\/wp\/v2\/types\/product"}],"replies":[{"embeddable":true,"href":"https:\/\/babyevolution.com.co\/beonline\/wp-json\/wp\/v2\/comments?post=7082"}],"wp:featuredmedia":[{"embeddable":true,"href":"https:\/\/babyevolution.com.co\/beonline\/wp-json\/wp\/v2\/media\/13207"}],"wp:attachment":[{"href":"https:\/\/babyevolution.com.co\/beonline\/wp-json\/wp\/v2\/media?parent=7082"}],"wp:term":[{"taxonomy":"product_brand","embeddable":true,"href":"https:\/\/babyevolution.com.co\/beonline\/wp-json\/wp\/v2\/product_brand?post=7082"},{"taxonomy":"product_cat","embeddable":true,"href":"https:\/\/babyevolution.com.co\/beonline\/wp-json\/wp\/v2\/product_cat?post=7082"},{"taxonomy":"product_tag","embeddable":true,"href":"https:\/\/babyevolution.com.co\/beonline\/wp-json\/wp\/v2\/product_tag?post=7082"}],"curies":[{"name":"wp","href":"https:\/\/api.w.org\/{rel}","templated":true}]}}