{"id":2407,"date":"2019-03-27T22:29:44","date_gmt":"2019-03-28T03:29:44","guid":{"rendered":"https:\/\/babyevolution.com.co\/beonline\/?post_type=product&#038;p=2407"},"modified":"2023-05-12T08:51:14","modified_gmt":"2023-05-12T13:51:14","slug":"pack-x12-uds-frutas-mixtas","status":"publish","type":"product","link":"https:\/\/babyevolution.com.co\/beonline\/tienda\/pack-x12-uds-frutas-mixtas\/","title":{"rendered":"Compota org\u00e1nica Frutas por 12"},"content":{"rendered":"<ul>\n<li>Compota Fruta\u00a0<strong>Org\u00e1nica<\/strong><\/li>\n<li><strong>S\u00edn azucar<\/strong> a\u00f1adida<\/li>\n<li>S\u00edn colorantes<\/li>\n<li>S\u00edn adici\u00f3n de sal<\/li>\n<li>S\u00edn almid\u00f3n ni harinas<\/li>\n<li>S\u00edn agua a\u00f1adida<\/li>\n<li><strong>S\u00edn conservantes<\/strong>, ni aditivos<\/li>\n<li>Sin gluten<\/li>\n<li><strong>Libre de qu\u00edmicos<\/strong><\/li>\n<\/ul>\n<h4><strong>Compotas y galletas org\u00e1nicas para beb\u00e9s.<\/strong><\/h4>\n<p><strong>\u00a1Solo fruta y verdura! Libre de az\u00facar a\u00f1adido.<\/strong><\/p>\n<p>Baby Evolution es una empresa Colombiana de productos org\u00e1nicos de la mejor calidad para ni\u00f1os.<\/p>\n<p>Estamos revolucionando la forma de alimentar a los ni\u00f1os colombianos con alternativas org\u00e1nicas, sin az\u00facar a\u00f1adido y deliciosas.<\/p>\n<p><strong>\u00a1Evolucionamos la compota!<\/strong><\/p>\n<p>Compotas para beb\u00e9s creadas de una combinaci\u00f3n de amor y responsabilidad. Hechas de frutas y verduras org\u00e1nicas. Buscamos las recetas para ni\u00f1os m\u00e1s deliciosas. Sabemos de la importancia de la alimentaci\u00f3n complementaria y nos esforzamos por proveer una alimentaci\u00f3n nutritiva despu\u00e9s de la leche materna.<\/p>\n<p>Queremos que tus hijos aprendan desde muy peque\u00f1os a disfrutar el sabor real de las frutas y las verduras, el olor y sus texturas, por eso, creamos productos Org\u00e1nicos.<\/p>\n<p>&nbsp;<\/p>\n","protected":false},"excerpt":{"rendered":"<p><strong>Contenido:<\/strong><\/p>\n<ul>\n<li><strong>6<\/strong> compotas\u00a0de Manzana Pera<\/li>\n<li><strong>6<\/strong> Banano Durazno Mango<\/li>\n<\/ul>\n","protected":false},"featured_media":448,"comment_status":"open","ping_status":"closed","template":"","meta":{"_et_pb_use_builder":"","_et_pb_old_content":"","_et_gb_content_width":""},"product_brand":[],"product_cat":[7],"product_tag":[9,8,10],"class_list":{"0":"post-2407","1":"product","2":"type-product","3":"status-publish","4":"has-post-thumbnail","6":"product_cat-compotas","7":"product_tag-compota","8":"product_tag-compotas","9":"product_tag-organica","11":"first","12":"outofstock","13":"shipping-taxable","14":"purchasable","15":"product-type-simple"},"_links":{"self":[{"href":"https:\/\/babyevolution.com.co\/beonline\/wp-json\/wp\/v2\/product\/2407","targetHints":{"allow":["GET"]}}],"collection":[{"href":"https:\/\/babyevolution.com.co\/beonline\/wp-json\/wp\/v2\/product"}],"about":[{"href":"https:\/\/babyevolution.com.co\/beonline\/wp-json\/wp\/v2\/types\/product"}],"replies":[{"embeddable":true,"href":"https:\/\/babyevolution.com.co\/beonline\/wp-json\/wp\/v2\/comments?post=2407"}],"wp:featuredmedia":[{"embeddable":true,"href":"https:\/\/babyevolution.com.co\/beonline\/wp-json\/wp\/v2\/media\/448"}],"wp:attachment":[{"href":"https:\/\/babyevolution.com.co\/beonline\/wp-json\/wp\/v2\/media?parent=2407"}],"wp:term":[{"taxonomy":"product_brand","embeddable":true,"href":"https:\/\/babyevolution.com.co\/beonline\/wp-json\/wp\/v2\/product_brand?post=2407"},{"taxonomy":"product_cat","embeddable":true,"href":"https:\/\/babyevolution.com.co\/beonline\/wp-json\/wp\/v2\/product_cat?post=2407"},{"taxonomy":"product_tag","embeddable":true,"href":"https:\/\/babyevolution.com.co\/beonline\/wp-json\/wp\/v2\/product_tag?post=2407"}],"curies":[{"name":"wp","href":"https:\/\/api.w.org\/{rel}","templated":true}]}}