{"id":12089,"date":"2024-04-02T16:39:27","date_gmt":"2024-04-02T21:39:27","guid":{"rendered":"https:\/\/babyevolution.com.co\/beonline\/?post_type=product&#038;p=12089"},"modified":"2025-06-06T11:19:56","modified_gmt":"2025-06-06T16:19:56","slug":"galletas-organicas-infantiles-banano-fresa","status":"publish","type":"product","link":"https:\/\/babyevolution.com.co\/beonline\/tienda\/galletas-organicas-infantiles-banano-fresa\/","title":{"rendered":"Galletas org\u00e1nicas infantiles banano &#8211; fresa"},"content":{"rendered":"<h2><strong>Galletas infantiles org\u00e1nicas Banano &#8211; Fresa<\/strong><\/h2>\n<ul>\n<li>Con banano y fresa.<\/li>\n<li>Con sabores naturales.<\/li>\n<li>Endulzadas con jugo concentrado de fruta.<\/li>\n<\/ul>\n<p><strong>Ingredientes:<\/strong> Harina de espelta org\u00e1nica, jugo concentrado de manzana org\u00e1nico, aceite de semillas de girasol org\u00e1nico, almid\u00f3n de trigo org\u00e1nico, harina de arroz org\u00e1nica, pur\u00e9 de banano org\u00e1nico (7%), pur\u00e9 de fresa org\u00e1nico (3%), carbonato de sodio (gasificante), vitamina B1, sabor natural org\u00e1nico de banano, sabor natural org\u00e1nico de frutos rojos. I<strong>nformaci\u00f3n alerg\u00e9nica.<\/strong> Contiene gluten y puede contener trazas de soja, mostaza y sus derivados. Fabricado en una planta que procesa huevo, l\u00e1cteos, nueces, lupino y sus derivados.<\/p>\n","protected":false},"excerpt":{"rendered":"<h2><strong>Galletas infantiles org\u00e1nicas Banano &#8211; Fresa<\/strong><\/h2>\n<ul>\n<li>Con banano y fresa.<\/li>\n<li>Con sabores naturales.<\/li>\n<li>Endulzadas con jugo concentrado de fruta.<\/li>\n<\/ul>\n","protected":false},"featured_media":11988,"comment_status":"open","ping_status":"closed","template":"","meta":{"_et_pb_use_builder":"off","_et_pb_old_content":"<h2><strong>Galletas infantiles org\u00e1nicas Banano - Fresa<\/strong><\/h2>\r\n<ul>\r\n \t<li>Con banano y fresa.<\/li>\r\n \t<li>Con sabores naturales.<\/li>\r\n \t<li>Endulzadas con jugo concentrado de fruta.<\/li>\r\n<\/ul>\r\n<strong>Ingredientes:<\/strong> Harina de espelta org\u00e1nica, jugo concentrado de manzana org\u00e1nico, aceite de semillas de girasol org\u00e1nico, almid\u00f3n de trigo org\u00e1nico, harina de arroz org\u00e1nica, pur\u00e9 de banano org\u00e1nico (7%), pur\u00e9 de fresa org\u00e1nico (3%), carbonato de sodio (gasificante), vitamina B1, sabor natural org\u00e1nico de banano, sabor natural org\u00e1nico de frutos rojos.\r\n\r\nI<strong>nformaci\u00f3n alerg\u00e9nica.<\/strong> Contiene gluten y puede contener trazas de soja, mostaza y sus derivados. Fabricado en una planta que procesa huevo, l\u00e1cteos, nueces, lupino y sus derivados.","_et_gb_content_width":""},"product_brand":[],"product_cat":[229,209,210],"product_tag":[],"class_list":{"0":"post-12089","1":"product","2":"type-product","3":"status-publish","4":"has-post-thumbnail","6":"product_cat-galletas-organicas-infantiles","7":"product_cat-kids-evolution","8":"product_cat-snacks","10":"first","11":"instock","12":"shipping-taxable","13":"purchasable","14":"product-type-simple"},"_links":{"self":[{"href":"https:\/\/babyevolution.com.co\/beonline\/wp-json\/wp\/v2\/product\/12089","targetHints":{"allow":["GET"]}}],"collection":[{"href":"https:\/\/babyevolution.com.co\/beonline\/wp-json\/wp\/v2\/product"}],"about":[{"href":"https:\/\/babyevolution.com.co\/beonline\/wp-json\/wp\/v2\/types\/product"}],"replies":[{"embeddable":true,"href":"https:\/\/babyevolution.com.co\/beonline\/wp-json\/wp\/v2\/comments?post=12089"}],"wp:featuredmedia":[{"embeddable":true,"href":"https:\/\/babyevolution.com.co\/beonline\/wp-json\/wp\/v2\/media\/11988"}],"wp:attachment":[{"href":"https:\/\/babyevolution.com.co\/beonline\/wp-json\/wp\/v2\/media?parent=12089"}],"wp:term":[{"taxonomy":"product_brand","embeddable":true,"href":"https:\/\/babyevolution.com.co\/beonline\/wp-json\/wp\/v2\/product_brand?post=12089"},{"taxonomy":"product_cat","embeddable":true,"href":"https:\/\/babyevolution.com.co\/beonline\/wp-json\/wp\/v2\/product_cat?post=12089"},{"taxonomy":"product_tag","embeddable":true,"href":"https:\/\/babyevolution.com.co\/beonline\/wp-json\/wp\/v2\/product_tag?post=12089"}],"curies":[{"name":"wp","href":"https:\/\/api.w.org\/{rel}","templated":true}]}}